te -204 - -204 - (0 + -8).
8
What is (1 + -1 - (-14 + 14)) + 6 + 12?
18
Evaluate (1 - 2) + ((2 - 0) + -4 - -25).
22
What is -17 - (-7 - 6) - 1?
-5
What is (72 - 24 - 24) + -11 + 1?
14
What is the value of -1 + -2 + -11 - ((14 - 25) + 11)?
-14
What is the value of 7 - (4 - (-9 + -6)) - (-2 - -1)?
-11
What is (40 + -38 - (-12 + 1)) + 20 + -11?
22
Evaluate -25 + 3 - (-8 - (2 + -7)).
-19
(-4 - 5) + 6 + 9 - (0 - 5)
11
16 + -5 + -2 - (113 + -134)
30
(71 - 78) + (-3 - -22)
12
Calculate -2 - 2 - (372 + -373).
-3
Calculate (0 - (-4 + 22) - (15 - 16)) + 7.
-10
What is the value of 20 - 8 - (-4 - -5 - -2)?
9
Calculate 1 + 5 + -14 + (-6 + -1 - -4).
-11
Calculate (5 - (-14 + 17)) + 0 + -2.
0
-17 + 1 + (-337 - -359) - 19
-13
Evaluate (-75 - (94 - 158)) + (0 - -4) + -1.
-8
What is the value of 13 + (-1 - -12) + -16?
8
What is the value of 46 - 40 - (-1 + -3 + -18 - -6)?
22
What is -3 - (-19 - (2 - (10 + -5)))?
13
Calculate -27 - (10 + -32) - 7.
-12
What is the value of (104 - 106) + (-6 - -35)?
27
(1 - -18) + (30 + -59 - -26)
16
(80 - 71) + (-16 - -3 - 0)
-4
What is the value of 136 + -136 - (3 - (-1 + -2 + -1))?
-7
Calculate 6 + -15 + 13 + (-5 - (3 + -5)).
1
Evaluate -3 - (4 + (-6 - 9) - 9).
17
What is 5 + (4 - -1 - 10)?
0
-10 + 11 + 11 + -14
-2
What is the value of -4 + -7 + (4 - -7) + 3 + 12?
15
What is the value of (-4 - (5 - -7 - 9)) + 0?
-7
What is -22 + (-5 - -10) + (-24 - -22)?
-19
7 + 11 + -11 + (-6 - 5) + 9
5
What is the value of (-10 - (7 + -18)) + 1 + -31?
-29
Calculate (-14 - (-14 - 10)) + 4 + (0 - -4).
18
Evaluate 13 + (2 - 2 - -3) + 0 + -4.
12
What is the value of -5 + (3 + -5 - -4) + 2 + 2?
1
83 + -81 - ((-2 - -5) + -12)
11
Evaluate -20 + 39 - (10 - (-2 - -6)).
13
What is -4 + (7 - -9) + -8 - (-3 + 3)?
4
What is 22 + 1 + -23 + -9 - (0 - 5)?
-4
Evaluate -96 + 103 + 0 + -12 - (-2 + 3).
-6
Evaluate -3 + 4 + -11 - 19.
-29
Evaluate -3 + -3 + 2 - (0 + 2 + -6).
0
What is (45 - 1 - (-26 - (-3 - 27))) + -8?
32
(-36 - -41) + -8 + 0
-3
Calculate (-2 - 14) + 4 + (10 - 4 - 4).
-10
Evaluate -2 - 0 - (-6 + 10 + 4).
-10
18 - (-7 + 20) - -12
17
Calculate (-25 - (-2 + -1)) + -21 + 22 - -1.
-20
26 + -34 + (-6 - -21)
7
What is -5 - (9 - 29 - -6) - 9?
0
What is the value of -9 + (-2 - (8 + 14 + -8 - 1))?
-24
What is -23 + (10 - 8) + 17?
-4
Evaluate 0 - (-17 - 1) - (-63 + 59).
22
What is the value of (-20 - ((-9 - -2) + 8 + -9)) + -17?
-29
What is the value of (8 - 7) + 0 + -9 - (-123 + 125)?
-10
14 + (-17 - (-26 - -11))
12
What is -5 + (4 - -3 - (2 - -7)) + 21?
14
What is -4 + 12 + 12 + -12 + -12?
-4
Calculate -2 - (4 + (-5 - 14)).
13
Evaluate 12 + (10 - (-12 + 5 - -24)).
5
What is the value of -17 + 10 + (-8 - 1)?
-16
What is the value of 6 + (-9 - -20) - -1?
18
What is the value of -2 + (-6 + 23 + -7 - 8)?
0
What is the value of (8 - -9) + -11 + -3 - -5?
8
Calculate -5 + (-9 + -2 - 4) + 5.
-15
What is the value of -22 + -23 + (-26 - -68) + (0 - 8)?
-11
5 + (-1 + 5 - -8) + -3 + -3
11
(-1 + -1 + 5 - -23) + -8
18
What is 2 - (-3 + (4 - 1) - (-15 + 8))?
-5
What is 9 - 0 - (11 - 4)?
2
-14 + (-7 + 7 + 9 - 3)
-8
Evaluate (6 - 28) + -9 - (11 - 22).
-20
Calculate 42 + -53 + 0 + 0 - -9.
-2
What is the value of 1 + -12 - -1 - -2?
-8
What is the value of (20 - 4 - 10) + (1 - 16)?
-9
Calculate -99 + 98 - (6 - -1).
-8
What is the value of -5 - -28 - (5 - (5 - (-1 + 2)))?
22
Evaluate -2 + (0 + 2 - -1).
1
What is -9 + (29 - 23 - 27)?
-30
What is the value of -2 + (14 - 5) + -7 - 1?
-1
Calculate 10 + (10 - 13) - (-1 - -2).
6
Calculate (5 - 1) + 13 + -13.
4
Evaluate -13 - (-8 + (-8 - -18) - 43).
28
What is -2 - (-11 + -10 - -9)?
10
What is -12 + (27 - ((-15 - -3) + 10))?
17
Calculate -10 + (-22 - (-2 - 15)).
-15
(-9 - -9) + -8 + 9
1
What is 15 - (12 - (-2 + 6) - 9 - 1)?
17
What is the value of -221 + 240 - (0 + 13)?
6
Calculate 3 + (0 - 3) + 6 + 10 - 8.
8
-19 + 8 + 12 + -1 + 1
1
Calculate -11 - -2 - ((-7 - 10) + -19 + 31).
-4
Calculate -2 + 10 - (134 - 118).
-8
Calculate (-19 + 7 - (-22 - 0)) + 1 + -7.
4
What is -8 + -1 - (-13 - (-2 - (21 + -47)))?
28
What is the value of 13 - (-6 + -18 + 33)?
4
9 - 12 - 3 - -3
-3
What is -10 + (7 + -48 - -31)?
-20
What is 27 - (11 + -1 + -95 + 86)?
26
Evaluate -4 + (-6 - (0 + 0 - (-1 + 2))).
-9
What is the value of -979 - -969 - (-1 - (7 - (2 + -1)))?
-3
Evaluate 5 + -18 + -18 + 5 + 14.
-12
What is 4 + 25 + -38 - (-5 - -2)?
-6
What is (7 - 3) + -5 + -6 + (4 - 1)?
-4
Calculate (-7 - -24 - 10) + (-2 - -2) + 7.
14
(-6 - -8 - 39) + 21
-16
What is the value of 3 + (-7 - 3) + 11 - (0 - 19)?
23
-14 + 3 - (4 - 11 - 0)
-4
What is the value of 0 + (-5 - (-21 + 0))?
16
-1 - (-11 + 19 - 13) - (-1 + 8)
-3
-47 + 43 + -18 + 15 + (1 - -8)
2
Calculate -11 - -12 - -2 - 12 - -22.
13
Evaluate 13 - (0 + 5 + 3 + -19).
24
Evaluate -4 + 7 + 12 + -11.
4
Evaluate (28 - (27 - -6)) + (-1 - -2 - -13).
9
Evaluate 8 + -10 - (130 + -108).
-24
-2 + (4 - 20) - (176 + -166)
-28
Calculate -1 + (-12 - (-7 + 9)).
-15
Evaluate 0 + 3 - (14 + -11).
0
What is -32 - ((22 - 46) + -35)?
27
-36 - (-27 + 8) - (-3 + -1)
-13
What is (12 - 2) + (-18 - -12)?
4
What is the value of (-26 - 3) + (20 - -7) + -15?
-17
Evaluate (25 + -17 - 0) + 7.
15
Calculate -15 - (8 + -2 - 13).
-8
What is the value of 0 + -2 - (-45 + 21 - -22)?
0
-10 + (-4 - -7) + 34 + (4 - 1)
30
Calculate -12 - -10 - 17 - -6.
-13
What is the value of 4 - 4 - ((17 - (-4 + 8)) + -2)?
-11
4 - (13 - (-2 - -8 - -1))
-2
What is the value of 3 + 1 + (32 - 16 - 8)?
12
Evaluate (11 + (-7 - -14) - 6) + -5 - -5.
12
-8 + (-15 + 10 - -12) - (0 - -17)
-18
What is the value of 14 - 17 - (-9 + 0)?
6
Evaluate 8 - (-9 - -32) - (-26 - -4).
7
What is the value of -8 + 35 + -4 - (0 + (-1 - -6))?
18
-24 + (-3 + -2 + 9 - -2) + -3
-21
-62 + 26 - (-6 + -50)
20
What is (-2 - (0 + (-16 - -7) - 3)) + -39?
-29
What is -12 + 11 - -5 - (-29 + 5 + 0)?
28
What is 15 + 0 - (-50 + 21 - -30)?
14
Calculate 17 + -30 + -1 - 0.
-14
What is -20 + (-7 - -20) - -4?
-3
What is the value of (6 + -4 - (52 + -46)) + -15?
-19
Calculate 0 + -30 + 2 - (-40 - -30).
-18
Calculate 15 + -8 - (4 - (-2 + 9) - -27).
-17
Calculate (6 + -3 + 6 - 11) + 0.
-2
What is (3 - -1) + -14 + -5 + 10 + 6?
1
71 + -92 + (0 - 5)
-26
Calculate 9 + 3 + -14 - 8.
-10
What is 2 + 23 + -7 + -27?
-9
What is the value of 20 + (-6 - (1 + -10) - 11) + 5?
17
(-14 - -6) + (18 - 23)
-13
What is the value of -1 + -11 + (104 - 91)?
1
Calculate -12 - (-8 + 25 - 21).
-8
16 + (16 - 16) + -6
10
Calculate (-13 - (6 + -28)) + (-5 - (3 + -1)).
2
(-3 - -13) + -9 + -5
-4
What is the value of -6 - 7 - 3 - (-9 + -3)?
-4
What is the value of -4 + (33 + -4 - (11 + -7)) + -6?
15
1 + -10 + -154 + 160 - (4 - 32)
25
1 - (14 - 4 - 0 - 17)
8
Evaluate (-35 - -28 - -12) + -1 + -8 + 20.
16
-2 + 0 - (-3 - (5 - 15 - -7))
-2
Calculate -25 + 22 + (13 - (5 + -3 + -5)).
13
Evaluate (-290 - -291) + (18 + -3 - -1).
17
What is the value of 10 - (-6 + 15) - 9?
-8
What is -20 - -7 - (-8 + (-5 - -5))?
-5
What is (-3 - (-11 + 7 + -4)) + -75 + 66?
-4
Calculate 37 + (0 - -8) + -41.
4
Calculate -6 + 35 - (227 + -207).
9
What is the value of -6 + -12 - (85 + -95)?
-8
What is the value of -31 + (7 + 10 - 5) + -16 + 8?
-27
What is -12 + 31 + (10 - 46)?
-17
What is (-11 + 29 - 0) + -17 + 19?
20
What is the value of -7 + 5 + (-1 + 6 - 6) - 3?
-6
Evaluate (7 - 14 - (-1 + -2)) + (21 - 19).
-2
What is the value of 9 + -20 + 19 - (17 - (-2 + 1))?
-10
What is the value of 855 + -832 - (0 - -1)?
22
Calculate (-2 - 0 - 5) + (-100 - -8) + 102.
3
What is the value of 9 + (-1 + 1 - (-11 - (12 - 30)))?
2
Evaluate 7 + 21 + (14 - 36).
6
What is the value of -10 - ((-1 - 8) + -19)?
18
2 - (-1 - -5 - (-1 + 16)) - 4
9
What is -8 + 25 + (0 - 9) - (4 - 22)?
26
Evaluate -5 + 27 + -2 + -8 + (-2 - -8).
18
1 + -19 - (-43 - (-34 - -5))
-4
Calculate -9 - -4 - (-5 + -5 + 6 + 9).
-10
10 + (7 - 14) + -6 + 2
-1
What is the value of 13 - (5 + (11 - 7 - 7) + 1)?
10
What is the value of 4 + (10 - (-1 + 14)) - (-4 - -2)?
3
Calculate (1 - -6 - (-37 + 42)) + -2 + 23.
23
What is 21 - ((6 - 9) + 10) - 6?
8
What is -1 - -1 - -10 - (-28 + 37)?
1
Evaluate 25 + 25 - (33 - -3).
14
What is the value of (-1 - (10 - 5)) + 4?
-2
What is -19 - (-39 + 24 + (16 - 34))?
14
What is the value of -21 + (4 + -19 - -2) + 14?
-20
Evaluate -22 - 0 - ((0 - 5) + 120 + -117).
-20
What is the value of -6 - (0 + 